{"id":6451,"date":"2023-09-12T15:01:22","date_gmt":"2023-09-12T18:01:22","guid":{"rendered":"https:\/\/www.frateschi.com.br\/web\/?page_id=6451"},"modified":"2024-11-22T14:43:48","modified_gmt":"2024-11-22T17:43:48","slug":"vagoes-de-carga","status":"publish","type":"page","link":"https:\/\/www.frateschi.com.br\/site\/todos-produtos\/vagoes-de-carga\/","title":{"rendered":"Vag\u00f5es de Carga"},"content":{"rendered":"\n<h1>\n\t\tFrateschi > Todos Produtos\n\t<\/h1>\n<h1>\n\t\tVag\u00f5es de Carga\n\t<\/h1>\n\t\t\t\t<a href=\"https:\/\/www.frateschi.com.br\/site\/vagao-lonado\/\" target=\"_self\" itemprop=\"url\">\n\t\t\t\t<img loading=\"lazy\" decoding=\"async\" src=\"https:\/\/www.frateschi.com.br\/site\/wp-content\/uploads\/2024\/02\/2120-Bracell-Vagao-Lonado-Frateschi_tb-in.jpg\" alt=\"\" itemprop=\"image\" height=\"136\" width=\"300\" onerror=\"this.style.display='none'\"  \/>\n\t\t\t\t<\/a>\n<h3><a href=\"https:\/\/www.frateschi.com.br\/site\/vagao-lonado\/\" target=\"_self\">Lonado<\/a><\/h3>\t\n\t\t\t\t<a href=\"https:\/\/www.frateschi.com.br\/site\/vagoes-de-carga-double-stack\/\" target=\"_self\" itemprop=\"url\">\n\t\t\t\t<img loading=\"lazy\" decoding=\"async\" src=\"https:\/\/www.frateschi.com.br\/site\/wp-content\/uploads\/2023\/09\/Vagao-Double-Stack-Brado-Logistica-Capa.png\" alt=\"\" itemprop=\"image\" height=\"136\" width=\"300\" onerror=\"this.style.display='none'\"  \/>\n\t\t\t\t<\/a>\n<h3><a href=\"https:\/\/www.frateschi.com.br\/site\/vagoes-de-carga-double-stack\/\" target=\"_self\">Double Stack<\/a><\/h3>\t\n\t\t\t\t<a href=\"https:\/\/www.frateschi.com.br\/site\/vagoes-de-carga-tanque-tct\/\" target=\"_self\" itemprop=\"url\">\n\t\t\t\t<img loading=\"lazy\" decoding=\"async\" src=\"https:\/\/www.frateschi.com.br\/site\/wp-content\/uploads\/2023\/09\/Tanque-TCT.png\" alt=\"\" itemprop=\"image\" height=\"136\" width=\"300\" onerror=\"this.style.display='none'\"  \/>\n\t\t\t\t<\/a>\n<h3><a href=\"https:\/\/www.frateschi.com.br\/site\/vagoes-de-carga-tanque-tct\/\" target=\"_self\">Tanque TCT<\/a><\/h3>\t\n\t\t\t\t<a href=\"https:\/\/www.frateschi.com.br\/site\/vagoes-de-carga-hopper-hpt-hft-htt\/\" target=\"_self\" itemprop=\"url\">\n\t\t\t\t<img loading=\"lazy\" decoding=\"async\" src=\"https:\/\/www.frateschi.com.br\/site\/wp-content\/uploads\/2023\/09\/Hopper-HPT-HFT-HTT-Capa.png\" alt=\"\" itemprop=\"image\" height=\"136\" width=\"300\" onerror=\"this.style.display='none'\"  \/>\n\t\t\t\t<\/a>\n<h3><a href=\"https:\/\/www.frateschi.com.br\/site\/vagoes-de-carga-hopper-hpt-hft-htt\/\" target=\"_self\">Hopper HPT \/ HFT \/ HTT<\/a><\/h3>\t\n\t\t\t\t<a href=\"https:\/\/www.frateschi.com.br\/site\/vagoes-de-carga-hopper-aberto\/\" target=\"_self\" itemprop=\"url\">\n\t\t\t\t<img loading=\"lazy\" decoding=\"async\" src=\"https:\/\/www.frateschi.com.br\/site\/wp-content\/uploads\/2023\/09\/Hopper-Abertos-Capa.png\" alt=\"\" itemprop=\"image\" height=\"136\" width=\"300\" onerror=\"this.style.display='none'\"  \/>\n\t\t\t\t<\/a>\n<h3><a href=\"https:\/\/www.frateschi.com.br\/site\/vagoes-de-carga-hopper-aberto\/\" target=\"_self\">Hopper Aberto<\/a><\/h3>\t\n\t\t\t\t<a href=\"https:\/\/www.frateschi.com.br\/site\/vagoes-de-carga-hopper-tanque\/\" target=\"_self\" itemprop=\"url\">\n\t\t\t\t<img loading=\"lazy\" decoding=\"async\" src=\"https:\/\/www.frateschi.com.br\/site\/wp-content\/uploads\/2023\/09\/Hopper-Tanque-Capa.png\" alt=\"\" itemprop=\"image\" height=\"136\" width=\"300\" onerror=\"this.style.display='none'\"  \/>\n\t\t\t\t<\/a>\n<h3><a href=\"https:\/\/www.frateschi.com.br\/site\/vagoes-de-carga-hopper-tanque\/\" target=\"_self\">Hopper Tanque<\/a><\/h3>\t\n\t\t\t\t<a href=\"https:\/\/www.frateschi.com.br\/site\/vagoes-de-carga-fechados\/\" target=\"_self\" itemprop=\"url\">\n\t\t\t\t<img loading=\"lazy\" decoding=\"async\" src=\"https:\/\/www.frateschi.com.br\/site\/wp-content\/uploads\/2023\/09\/Fechados-Capa-01.png\" alt=\"\" itemprop=\"image\" height=\"136\" width=\"300\" onerror=\"this.style.display='none'\"  \/>\n\t\t\t\t<\/a>\n<h3><a href=\"https:\/\/www.frateschi.com.br\/site\/vagoes-de-carga-fechados\/\" target=\"_self\">Fechados<\/a><\/h3>\t\n\t\t\t\t<a href=\"https:\/\/www.frateschi.com.br\/site\/vagoes-de-carga-isotermicos\/\" target=\"_self\" itemprop=\"url\">\n\t\t\t\t<img loading=\"lazy\" decoding=\"async\" src=\"https:\/\/www.frateschi.com.br\/site\/wp-content\/uploads\/2023\/09\/Isotermicos-Capa.png\" alt=\"\" itemprop=\"image\" height=\"136\" width=\"300\" onerror=\"this.style.display='none'\"  \/>\n\t\t\t\t<\/a>\n<h3><a href=\"https:\/\/www.frateschi.com.br\/site\/vagoes-de-carga-isotermicos\/\" target=\"_self\">Isot\u00e9rmicos<\/a><\/h3>\t\n\t\t\t\t<a href=\"https:\/\/www.frateschi.com.br\/site\/vagoes-de-carga-tanque\/\" target=\"_self\" itemprop=\"url\">\n\t\t\t\t<img loading=\"lazy\" decoding=\"async\" src=\"https:\/\/www.frateschi.com.br\/site\/wp-content\/uploads\/2024\/07\/2407-tanque-capa.jpg\" alt=\"\" itemprop=\"image\" height=\"136\" width=\"300\" onerror=\"this.style.display='none'\"  \/>\n\t\t\t\t<\/a>\n<h3><a href=\"https:\/\/www.frateschi.com.br\/site\/vagoes-de-carga-tanque\/\" target=\"_self\">Tanque<\/a><\/h3>\t\n\t\t\t\t<a href=\"https:\/\/www.frateschi.com.br\/site\/vagoes-de-carga-transporte-de-cimento\/\" target=\"_self\" itemprop=\"url\">\n\t\t\t\t<img loading=\"lazy\" decoding=\"async\" src=\"https:\/\/www.frateschi.com.br\/site\/wp-content\/uploads\/2023\/09\/Transporte-de-Cimento-Capa.png\" alt=\"\" itemprop=\"image\" height=\"136\" width=\"300\" onerror=\"this.style.display='none'\"  \/>\n\t\t\t\t<\/a>\n<h3><a href=\"https:\/\/www.frateschi.com.br\/site\/vagoes-de-carga-transporte-de-cimento\/\" target=\"_self\">Transporte de Cimento<\/a><\/h3>\t\n\t\t\t\t<a href=\"https:\/\/www.frateschi.com.br\/site\/vagoes-de-carga-gondolas\/\" target=\"_self\" itemprop=\"url\">\n\t\t\t\t<img loading=\"lazy\" decoding=\"async\" src=\"https:\/\/www.frateschi.com.br\/site\/wp-content\/uploads\/2023\/09\/Gondolas-Capa.png\" alt=\"\" itemprop=\"image\" height=\"136\" width=\"300\" onerror=\"this.style.display='none'\"  \/>\n\t\t\t\t<\/a>\n<h3><a href=\"https:\/\/www.frateschi.com.br\/site\/vagoes-de-carga-gondolas\/\" target=\"_self\">G\u00f4ndolas<\/a><\/h3>\t\n\t\t\t\t<a href=\"https:\/\/www.frateschi.com.br\/site\/vagoes-de-carga-hopper\/\" target=\"_self\" itemprop=\"url\">\n\t\t\t\t<img loading=\"lazy\" decoding=\"async\" src=\"https:\/\/www.frateschi.com.br\/site\/wp-content\/uploads\/2023\/09\/Hopper-Capa.png\" alt=\"\" itemprop=\"image\" height=\"136\" width=\"300\" onerror=\"this.style.display='none'\"  \/>\n\t\t\t\t<\/a>\n<h3><a href=\"https:\/\/www.frateschi.com.br\/site\/vagoes-de-carga-hopper\/\" target=\"_self\">Hopper<\/a><\/h3>\t\n\t\t\t\t<a href=\"https:\/\/www.frateschi.com.br\/site\/vagoes-de-carga-tanques-quimicos\/\" target=\"_self\" itemprop=\"url\">\n\t\t\t\t<img loading=\"lazy\" decoding=\"async\" src=\"https:\/\/www.frateschi.com.br\/site\/wp-content\/uploads\/2023\/10\/Quimicos.png\" alt=\"\" itemprop=\"image\" height=\"136\" width=\"300\" onerror=\"this.style.display='none'\"  \/>\n\t\t\t\t<\/a>\n<h3><a href=\"https:\/\/www.frateschi.com.br\/site\/vagoes-de-carga-tanques-quimicos\/\" target=\"_self\">Qu\u00edmicos<\/a><\/h3>\t\n\t\t\t\t<a href=\"https:\/\/www.frateschi.com.br\/site\/vagoes-de-carga-fechados-hopper\/\" target=\"_self\" itemprop=\"url\">\n\t\t\t\t<img loading=\"lazy\" decoding=\"async\" src=\"https:\/\/www.frateschi.com.br\/site\/wp-content\/uploads\/2023\/09\/Fechados-Hopper-Capa.png\" alt=\"\" itemprop=\"image\" height=\"136\" width=\"300\" onerror=\"this.style.display='none'\"  \/>\n\t\t\t\t<\/a>\n<h3><a href=\"https:\/\/www.frateschi.com.br\/site\/vagoes-de-carga-fechados-hopper\/\" target=\"_self\">Fechados Hopper<\/a><\/h3>\t\n\t\t\t\t<a href=\"https:\/\/www.frateschi.com.br\/site\/vagoes-de-carga-plataformas\/\" target=\"_self\" itemprop=\"url\">\n\t\t\t\t<img loading=\"lazy\" decoding=\"async\" src=\"https:\/\/www.frateschi.com.br\/site\/wp-content\/uploads\/2023\/09\/Plataformas-Capa.png\" alt=\"\" itemprop=\"image\" height=\"136\" width=\"300\" onerror=\"this.style.display='none'\"  \/>\n\t\t\t\t<\/a>\n<h3><a href=\"https:\/\/www.frateschi.com.br\/site\/vagoes-de-carga-plataformas\/\" target=\"_self\">Plataformas<\/a><\/h3>\t\n\t<h1>Comprar Agora!<\/h1>\n\t\t\t<a href=\"#\" target=\"_self\">\n\t\t\t\t\t\tEncontre um Revendedor\n\t\t\t\t\t<\/a>\n\t\t\t<a href=\"#\" target=\"_self\">\n\t\t\t\t\t\tLoja da Frateschi\n\t\t\t\t\t<\/a>\n<h1>\n\t\t<a href=\"https:\/\/www.frateschi.com.br\/\" title=\"&lt; Voltar para Todos os produtos\" target=\"_self\">\n\t\t< Voltar para Todos os produtos\n\t\t<\/a>\n\t<\/h1>\n\n","protected":false},"excerpt":{"rendered":"<p>Frateschi > Todos Produtos Vag\u00f5es de Carga Lonado Double Stack Tanque TCT Hopper HPT \/ HFT \/ HTT Hopper Aberto Hopper Tanque Fechados Isot\u00e9rmicos Tanque Transporte de Cimento G\u00f4ndolas Hopper Qu\u00edmicos Fechados Hopper Plataformas Comprar Agora! Encontre um Revendedor Loja da Frateschi < Voltar para Todos os produtos\n<\/p>\n","protected":false},"author":1,"featured_media":0,"parent":6221,"menu_order":1,"comment_status":"closed","ping_status":"closed","template":"","meta":{"_joinchat":[],"footnotes":""},"class_list":["post-6451","page","type-page","status-publish","hentry"],"_links":{"self":[{"href":"https:\/\/www.frateschi.com.br\/site\/wp-json\/wp\/v2\/pages\/6451","targetHints":{"allow":["GET"]}}],"collection":[{"href":"https:\/\/www.frateschi.com.br\/site\/wp-json\/wp\/v2\/pages"}],"about":[{"href":"https:\/\/www.frateschi.com.br\/site\/wp-json\/wp\/v2\/types\/page"}],"author":[{"embeddable":true,"href":"https:\/\/www.frateschi.com.br\/site\/wp-json\/wp\/v2\/users\/1"}],"replies":[{"embeddable":true,"href":"https:\/\/www.frateschi.com.br\/site\/wp-json\/wp\/v2\/comments?post=6451"}],"version-history":[{"count":39,"href":"https:\/\/www.frateschi.com.br\/site\/wp-json\/wp\/v2\/pages\/6451\/revisions"}],"predecessor-version":[{"id":14712,"href":"https:\/\/www.frateschi.com.br\/site\/wp-json\/wp\/v2\/pages\/6451\/revisions\/14712"}],"up":[{"embeddable":true,"href":"https:\/\/www.frateschi.com.br\/site\/wp-json\/wp\/v2\/pages\/6221"}],"wp:attachment":[{"href":"https:\/\/www.frateschi.com.br\/site\/wp-json\/wp\/v2\/media?parent=6451"}],"curies":[{"name":"wp","href":"https:\/\/api.w.org\/{rel}","templated":true}]}}