{"id":4190,"date":"2016-09-14T16:22:33","date_gmt":"2016-09-14T19:22:33","guid":{"rendered":"http:\/\/www.frateschi.com.br\/web\/maquete-abc\/?lang=es"},"modified":"2016-11-10T17:12:08","modified_gmt":"2016-11-10T20:12:08","slug":"maquete-abc","status":"publish","type":"page","link":"https:\/\/www.frateschi.com.br\/site\/maquete-abc\/?lang=es","title":{"rendered":"Maquete A+B+C"},"content":{"rendered":"<h1>\n\t\tProductos > Tren Eletrico > Maqueta A+B+C (portugu\u00eas)<br \/>\n\t<\/h1>\n<p style=\"text-align: justify;\"><strong>SISTEMA HOBBY TRILHO (1.05 x 2.05 m)<\/strong><\/p>\n<p style=\"text-align: justify;\" align=\"justify\">Esta maquete \u00e9 ideal para quem vai iniciar no ferreomodelismo. Como mostram as fotos, ela comporta dois trens, sendo um de passageiros na linha externa e um cargueiro na linha interna, al\u00e9m de v\u00e1rios vag\u00f5es de carga no p\u00e1tio de manobras, e uma terceira locomotiva no dep\u00f3sito de locomotivas.<\/p>\n<p style=\"text-align: justify;\" align=\"justify\">Por ser plana, \u00e9 bastante f\u00e1cil de ser constru\u00edda e utiliza, como material de partida, uma Caixa B\u00e1sica, que voc\u00ea pode escolher a seu gosto neste site da FRATESCHI, e as tr\u00eas caixas A, B e C, do Sistema Hobby Trilho. Tamb\u00e9m haver\u00e1 necessidade de um segundo controlador de velocidade ref. 5300.<\/p>\n<p style=\"text-align: justify;\" align=\"justify\">O projeto completo, inclusive da instala\u00e7\u00e3o el\u00e9trica, est\u00e1 contido no Manual de Instru\u00e7\u00f5es das caixas do Sistema Hobby Trilho. A FRATESCHI tamb\u00e9m disponibiliza o DVD \u2013 Como Construir Sua Primeira Ferrovia \u2013 que ensina, em 24 minutos, cada passo da constru\u00e7\u00e3o dessa interessante maquete.<\/p>\n<h3>\n\t\tLista de Material<br \/>\n\t<\/h3>\n<p>1 &#8211; Caixa B\u00e1sica (que voc\u00ea poder\u00e1 escolher)<br \/>1 &#8211; 6405 \u2013 Hobby Trilho, caixa A<br \/>1 &#8211; 6406 \u2013 Hobby Trilho, caixa B<br \/>1 &#8211; 6407 \u2013 Hobby Trilho, caixa C<br \/>5 &#8211; 1500 \u2013 Postes telegr\u00e1ficos<br \/>5 &#8211; 1502 \u2013 Plataforma<br \/>1 &#8211; 1512 \u2013 Caixa d\u2019\u00e1gua<br \/>8 &#8211; 1513 \/ 1521 \u2013 Casa popular e sobrado<br \/>1 &#8211; 1514 \u2013 Tanque de \u00f3leo<br \/>1 &#8211; 1517 \u2013 Dep\u00f3sito de locomotivas<br \/>1 &#8211; 1518 \u2013 Cabine de sinaliza\u00e7\u00e3o<br \/>1 &#8211; 1519 \u2013 Esta\u00e7\u00e3o Eng. Passos<br \/>1 &#8211; 1522 \u2013 Posto de gasolina<br \/>2 &#8211; 1524 \u2013 Pr\u00e9dio de apartamentos<br \/>4 &#8211; 1525 \u2013 Batente de final de linha<br \/>1 &#8211; 5300 \u2013 Controlador de velocidade<\/p>\n<p>Ainda h\u00e1 a possibilidade de se substituir o dep\u00f3sito de locomotivas por um Virador de Locomotivas ref. 4500.<\/p>\n<h3>\n\t\tMaquete Frateschi, Sistema Hobby Trilho A+B+C (2,05m X 1,05m)<br \/>\n\t<\/h3>\n<p style=\"text-align: center;\"><object id=\"maquete_new2011\" width=\"700\" height=\"600\" classid=\"clsid:d27cdb6e-ae6d-11cf-96b8-444553540000\" codebase=\"http:\/\/download.macromedia.com\/pub\/shockwave\/cabs\/flash\/swflash.cab#version=9,0,0,0\" align=\"middle\"><param name=\"allowScriptAccess\" value=\"sameDomain\" \/><param name=\"allowFullScreen\" value=\"false\" \/><param name=\"movie\" value=\"flash\/maquete_new.swf\" \/><param name=\"quality\" value=\"high\" \/><param name=\"bgcolor\" value=\"#ffffff\" \/><embed src=\"http:\/\/www.frateschi.com.br\/web\/wp-content\/uploads\/2016\/09\/maquete_new.swf\" quality=\"high\" bgcolor=\"#ffffff\" width=\"1000\" height=\"600\" name=\"maquete_new2011\" align=\"middle\" allowscriptaccess=\"sameDomain\" allowfullscreen=\"allowfullscreen\" type=\"application\/x-shockwave-flash\" pluginspage=\"http:\/\/www.macromedia.com\/go\/getflashplayer\" \/><\/object><\/p>\n","protected":false},"excerpt":{"rendered":"<p>Productos > Tren Eletrico > Maqueta A+B+C (portugu\u00eas) SISTEMA HOBBY TRILHO (1.05 x 2.05 m) Esta maquete \u00e9 ideal para quem vai iniciar no ferreomodelismo. Como mostram as fotos, ela comporta dois trens, sendo um de passageiros na linha externa e um cargueiro na linha interna, al\u00e9m de v\u00e1rios vag\u00f5es de carga no p\u00e1tio de&hellip;<\/p>\n","protected":false},"author":1,"featured_media":0,"parent":0,"menu_order":0,"comment_status":"closed","ping_status":"closed","template":"","meta":{"_joinchat":[],"footnotes":""},"class_list":["post-4190","page","type-page","status-publish","hentry"],"_links":{"self":[{"href":"https:\/\/www.frateschi.com.br\/site\/wp-json\/wp\/v2\/pages\/4190","targetHints":{"allow":["GET"]}}],"collection":[{"href":"https:\/\/www.frateschi.com.br\/site\/wp-json\/wp\/v2\/pages"}],"about":[{"href":"https:\/\/www.frateschi.com.br\/site\/wp-json\/wp\/v2\/types\/page"}],"author":[{"embeddable":true,"href":"https:\/\/www.frateschi.com.br\/site\/wp-json\/wp\/v2\/users\/1"}],"replies":[{"embeddable":true,"href":"https:\/\/www.frateschi.com.br\/site\/wp-json\/wp\/v2\/comments?post=4190"}],"version-history":[{"count":1,"href":"https:\/\/www.frateschi.com.br\/site\/wp-json\/wp\/v2\/pages\/4190\/revisions"}],"predecessor-version":[{"id":4192,"href":"https:\/\/www.frateschi.com.br\/site\/wp-json\/wp\/v2\/pages\/4190\/revisions\/4192"}],"wp:attachment":[{"href":"https:\/\/www.frateschi.com.br\/site\/wp-json\/wp\/v2\/media?parent=4190"}],"curies":[{"name":"wp","href":"https:\/\/api.w.org\/{rel}","templated":true}]}}