{"id":4057,"date":"2016-09-08T11:39:19","date_gmt":"2016-09-08T14:39:19","guid":{"rendered":"http:\/\/www.frateschi.com.br\/web\/onde-comprar-exterior\/?lang=en"},"modified":"2024-10-22T20:55:14","modified_gmt":"2024-10-22T23:55:14","slug":"onde-comprar-exterior","status":"publish","type":"page","link":"https:\/\/www.frateschi.com.br\/site\/onde-comprar-exterior\/?lang=en","title":{"rendered":"Onde Comprar Exterior"},"content":{"rendered":"\n<h1>\n\t\tOnde comprar > Exterior\n\t<\/h1>\n<h1>\n\t\tSelecione um estado:\n\t<\/h1>\n\t\t\t<a href=\"#africadosul\" target=\"_self\" rel=\"noopener\">\n\t\t\t\t\t\t\t\u00c1frica do Sul\n\t\t\t\t\t<\/a>\n\t\t\t<a href=\"#alemanha\" target=\"_self\" rel=\"noopener\">\n\t\t\t\t\t\t\tAlemanha\n\t\t\t\t\t<\/a>\n\t\t\t<a href=\"#Argentina\" target=\"_self\" rel=\"noopener\">\n\t\t\t\t\t\t\tArgentina\n\t\t\t\t\t<\/a>\n\t\t\t<a href=\"#Australia\" target=\"_self\" rel=\"noopener\">\n\t\t\t\t\t\t\tAustr\u00e1lia\n\t\t\t\t\t<\/a>\n\t\t\t<a href=\"https:\/\/www.frateschi.com.br\/site\/onde-comprar-brasil\/\" target=\"_self\" rel=\"noopener\">\n\t\t\t\t\t\t\tBrasil\n\t\t\t\t\t<\/a>\n\t\t\t<a href=\"#Chile\" target=\"_self\" rel=\"noopener\">\n\t\t\t\t\t\t\tChile\n\t\t\t\t\t<\/a>\n\t\t\t<a href=\"#Novazelandia\" target=\"_self\" rel=\"noopener\">\n\t\t\t\t\t\t\tNova Zel\u00e2ndia\n\t\t\t\t\t<\/a>\n\t\t\t<a href=\"#Taiwan\" target=\"_self\" rel=\"noopener\">\n\t\t\t\t\t\t\tTaiwan (Roc)\n\t\t\t\t\t<\/a>\n\t\t\t<a href=\"#Uruguai\" target=\"_self\" rel=\"noopener\">\n\t\t\t\t\t\t\tUruguai\n\t\t\t\t\t<\/a>\n<h2>\n\t\tExterior > \u00c1frica do Sul \n\t<\/h2>\n\t\t<h3>DREAM TRAINS<\/h3><a href=\"https:\/\/www.google.com\/maps\/search\/AVENIDA+ELIZABETH+MARQUES+,+127,+QD+17+LOTE+05+SALA+02\/@-16.6440862,-49.3913288,17z\/data=!3m1!4b1\"><img decoding=\"async\" src=\"https:\/\/www.frateschi.com.br\/web\/wp-content\/uploads\/2023\/10\/mapas-e-bandeiras.png\" \/><\/a> 33 Hennie Potgieter Crescent,Heuwelsig Bloemfontein, 9301 &#8211; SOUTH AFRICA<br \/>\n<img decoding=\"async\" src=\"https:\/\/www.frateschi.com.br\/web\/wp-content\/uploads\/2023\/10\/telefone.png\" \/> (+27) 83-409-7319 \/ Fax: (+27) 86-66-99-408<br \/>\n<a href=\"mailto:comprascasanho@gmail.com\"><img decoding=\"async\" src=\"https:\/\/www.frateschi.com.br\/web\/wp-content\/uploads\/2023\/10\/e-mail.png\" \/><\/a> info@dreamtrains.co.za<br \/>\n<img decoding=\"async\" src=\"https:\/\/www.frateschi.com.br\/web\/wp-content\/uploads\/2023\/10\/Site-1.png\" \/> <a href=\"http:\/\/www.dreamtrains.co.za\/\" target=\"_blank\" rel=\"noopener\">www.dreamtrains.co.za<\/a>\n\t\t\t<a href=\"#ondecomprar\" target=\"_self\" rel=\"noopener\">\n\t\t\t\t\t\t\tvoltar \n\t\t\t<\/a>\n<h2>\n\t\tExterior > Alemanha\n\t<\/h2>\n\t\t<h3>RD-HOBBY MODELLBAHNEM<\/h3><a href=\"https:\/\/www.google.com\/maps\/search\/AVENIDA+ELIZABETH+MARQUES+,+127,+QD+17+LOTE+05+SALA+02\/@-16.6440862,-49.3913288,17z\/data=!3m1!4b1\"><img decoding=\"async\" src=\"https:\/\/www.frateschi.com.br\/web\/wp-content\/uploads\/2023\/10\/mapas-e-bandeiras.png\" \/><\/a> J\u00e4gersburger Str. 17 &#8211; \u00a0Gro\u00df-Rohrheim<br \/>\n<img decoding=\"async\" src=\"https:\/\/www.frateschi.com.br\/web\/wp-content\/uploads\/2023\/10\/telefone.png\" \/> (+49) 6245-997852\n\t\t\t<a href=\"#ondecomprar\" target=\"_self\" rel=\"noopener\">\n\t\t\t\t\t\t\tvoltar \n\t\t\t<\/a>\n<h2>\n\t\tExterior > Argentina\n\t<\/h2>\n\t\t<h3>ANTONIO HOBBY<\/h3><a href=\"https:\/\/www.google.com\/maps\/search\/AVENIDA+ELIZABETH+MARQUES+,+127,+QD+17+LOTE+05+SALA+02\/@-16.6440862,-49.3913288,17z\/data=!3m1!4b1\"><img decoding=\"async\" src=\"https:\/\/www.frateschi.com.br\/web\/wp-content\/uploads\/2023\/10\/mapas-e-bandeiras.png\" \/><\/a> Calle 7 No 923 Local 18 La Plata<br \/>\nBuenos Aires<br \/>\n<img decoding=\"async\" src=\"https:\/\/www.frateschi.com.br\/web\/wp-content\/uploads\/2023\/10\/telefone.png\" \/> 54 221 &#8211; 482 9281\n\t\t<h3>DANNY TRENES<\/h3><a href=\"https:\/\/www.google.com\/maps\/search\/AVENIDA+ELIZABETH+MARQUES+,+127,+QD+17+LOTE+05+SALA+02\/@-16.6440862,-49.3913288,17z\/data=!3m1!4b1\"><img decoding=\"async\" src=\"https:\/\/www.frateschi.com.br\/web\/wp-content\/uploads\/2023\/10\/mapas-e-bandeiras.png\" \/><\/a> Carlos Villate 3725 Munro<br \/>\nBuenos Aires<br \/>\n<img decoding=\"async\" src=\"https:\/\/www.frateschi.com.br\/web\/wp-content\/uploads\/2023\/10\/telefone.png\" \/> 4756-6303 o 4756 8498<br \/>\n<a href=\"mailto:comprascasanho@gmail.com\"><img decoding=\"async\" src=\"https:\/\/www.frateschi.com.br\/web\/wp-content\/uploads\/2023\/10\/e-mail.png\" \/><\/a> danny_trenes@yahoo.com.ar\n\t\t<h3>DEYDE HOBBIES<\/h3><a href=\"https:\/\/www.google.com\/maps\/search\/AVENIDA+ELIZABETH+MARQUES+,+127,+QD+17+LOTE+05+SALA+02\/@-16.6440862,-49.3913288,17z\/data=!3m1!4b1\"><img decoding=\"async\" src=\"https:\/\/www.frateschi.com.br\/web\/wp-content\/uploads\/2023\/10\/mapas-e-bandeiras.png\" \/><\/a> Ciudad de la Paz, 1997<br \/>\n1428 &#8211; Buenos Aires<br \/>\n<img decoding=\"async\" src=\"https:\/\/www.frateschi.com.br\/web\/wp-content\/uploads\/2023\/10\/telefone.png\" \/> 54-11- 4788 5940<br \/>\n<a href=\"mailto:comprascasanho@gmail.com\"><img decoding=\"async\" src=\"https:\/\/www.frateschi.com.br\/web\/wp-content\/uploads\/2023\/10\/e-mail.png\" \/><\/a> info@deydehobbies.com.ar<br \/>\n<img decoding=\"async\" src=\"https:\/\/www.frateschi.com.br\/web\/wp-content\/uploads\/2023\/10\/Site-1.png\" \/> <a href=\"http:\/\/www.deydehobbies.com.ar\/\" target=\"_blank\" rel=\"noopener\">www.deydehobbies.com.ar<\/a>\n\t\t<h3>HOBBIES BELGRANO<\/h3><a href=\"https:\/\/www.google.com\/maps\/search\/AVENIDA+ELIZABETH+MARQUES+,+127,+QD+17+LOTE+05+SALA+02\/@-16.6440862,-49.3913288,17z\/data=!3m1!4b1\"><img decoding=\"async\" src=\"https:\/\/www.frateschi.com.br\/web\/wp-content\/uploads\/2023\/10\/mapas-e-bandeiras.png\" \/><\/a> Avda. Cabildo 2280 Locales 91 y 92<br \/>\nBuenos Aires<br \/>\n<img decoding=\"async\" src=\"https:\/\/www.frateschi.com.br\/web\/wp-content\/uploads\/2023\/10\/telefone.png\" \/> 54-11-4783-6217<br \/>\n<a href=\"mailto:comprascasanho@gmail.com\"><img decoding=\"async\" src=\"https:\/\/www.frateschi.com.br\/web\/wp-content\/uploads\/2023\/10\/e-mail.png\" \/><\/a> hobbelgrano@fibertel.com.ar<br \/>\n<img decoding=\"async\" src=\"https:\/\/www.frateschi.com.br\/web\/wp-content\/uploads\/2023\/10\/Site-1.png\" \/> <a href=\"http:\/\/www.hobbiesbelgrano.com\/\" target=\"_blank\" rel=\"noopener\">www.hobbiesbelgrano.com<\/a>\n\t\t<h3>HOBBIES SEGUROLA<\/h3><a href=\"https:\/\/www.google.com\/maps\/search\/AVENIDA+ELIZABETH+MARQUES+,+127,+QD+17+LOTE+05+SALA+02\/@-16.6440862,-49.3913288,17z\/data=!3m1!4b1\"><img decoding=\"async\" src=\"https:\/\/www.frateschi.com.br\/web\/wp-content\/uploads\/2023\/10\/mapas-e-bandeiras.png\" \/><\/a> Segurola 40 1407 &#8211;\u00a0Buenos Aires<br \/>\n<img decoding=\"async\" src=\"https:\/\/www.frateschi.com.br\/web\/wp-content\/uploads\/2023\/10\/telefone.png\" \/> 54-11-4672-2652<br \/>\n<a href=\"mailto:comprascasanho@gmail.com\"><img decoding=\"async\" src=\"https:\/\/www.frateschi.com.br\/web\/wp-content\/uploads\/2023\/10\/e-mail.png\" \/><\/a> hobbysegurola@hotmail.com\n\t\t<h3>HOBBY CENTER<\/h3><a href=\"https:\/\/www.google.com\/maps\/search\/AVENIDA+ELIZABETH+MARQUES+,+127,+QD+17+LOTE+05+SALA+02\/@-16.6440862,-49.3913288,17z\/data=!3m1!4b1\"><img decoding=\"async\" src=\"https:\/\/www.frateschi.com.br\/web\/wp-content\/uploads\/2023\/10\/mapas-e-bandeiras.png\" \/><\/a> Belgrano, 2515, 7600 &#8211; Mar Del Plata &#8211; Pcia\u00a0Buenos Aires<br \/>\n<img decoding=\"async\" src=\"https:\/\/www.frateschi.com.br\/web\/wp-content\/uploads\/2023\/10\/telefone.png\" \/> 54-0223 &#8211; 491 5532<br \/>\n<a href=\"mailto:comprascasanho@gmail.com\"><img decoding=\"async\" src=\"https:\/\/www.frateschi.com.br\/web\/wp-content\/uploads\/2023\/10\/e-mail.png\" \/><\/a> hobbycenter@arnet.com.ar\n\t\t<h3>ESPEJO MAGICO<\/h3><a href=\"https:\/\/www.google.com\/maps\/search\/AVENIDA+ELIZABETH+MARQUES+,+127,+QD+17+LOTE+05+SALA+02\/@-16.6440862,-49.3913288,17z\/data=!3m1!4b1\"><img decoding=\"async\" src=\"https:\/\/www.frateschi.com.br\/web\/wp-content\/uploads\/2023\/10\/mapas-e-bandeiras.png\" \/><\/a> Avda. de Mayo 1320 Buenos Aires<br \/>\n<img decoding=\"async\" src=\"https:\/\/www.frateschi.com.br\/web\/wp-content\/uploads\/2023\/10\/telefone.png\" \/> 54-11-4381-4657\n\t\t<h3>FERROMANIA&#8217;S<\/h3><a href=\"https:\/\/www.google.com\/maps\/search\/AVENIDA+ELIZABETH+MARQUES+,+127,+QD+17+LOTE+05+SALA+02\/@-16.6440862,-49.3913288,17z\/data=!3m1!4b1\"><img decoding=\"async\" src=\"https:\/\/www.frateschi.com.br\/web\/wp-content\/uploads\/2023\/10\/mapas-e-bandeiras.png\" \/><\/a> Acevedo 57 local 8, Galeria Centerlom, Lomas de Zamora<br \/>\n<img decoding=\"async\" src=\"https:\/\/www.frateschi.com.br\/web\/wp-content\/uploads\/2023\/10\/telefone.png\" \/> 54-11-4392 3879<br \/>\n<img decoding=\"async\" src=\"https:\/\/www.frateschi.com.br\/web\/wp-content\/uploads\/2023\/10\/Site-1.png\" \/> <a href=\"http:\/\/www.ferromanias.com.ar\/\" target=\"_blank\" rel=\"noopener\">www.ferromanias.com.ar<\/a>\n\t\t<h3>FUNNY<\/h3><a href=\"https:\/\/www.google.com\/maps\/search\/AVENIDA+ELIZABETH+MARQUES+,+127,+QD+17+LOTE+05+SALA+02\/@-16.6440862,-49.3913288,17z\/data=!3m1!4b1\"><img decoding=\"async\" src=\"https:\/\/www.frateschi.com.br\/web\/wp-content\/uploads\/2023\/10\/mapas-e-bandeiras.png\" \/><\/a> Moreno 620, 1878 &#8211; Quilmes &#8211; Pcia Buenos Aires<br \/>\n<img decoding=\"async\" src=\"https:\/\/www.frateschi.com.br\/web\/wp-content\/uploads\/2023\/10\/telefone.png\" \/> 54-11-4254 9766<br \/>\n<a href=\"mailto:comprascasanho@gmail.com\"><img decoding=\"async\" src=\"https:\/\/www.frateschi.com.br\/web\/wp-content\/uploads\/2023\/10\/e-mail.png\" \/><\/a> multifyg@datafull.com\n\t\t<h3>LEONARDO HOBBIES<\/h3><a href=\"https:\/\/www.google.com\/maps\/search\/AVENIDA+ELIZABETH+MARQUES+,+127,+QD+17+LOTE+05+SALA+02\/@-16.6440862,-49.3913288,17z\/data=!3m1!4b1\"><img decoding=\"async\" src=\"https:\/\/www.frateschi.com.br\/web\/wp-content\/uploads\/2023\/10\/mapas-e-bandeiras.png\" \/><\/a> Maip\u00fa, 2387, 2000 &#8211;\u00a0Rosario\u00a0&#8211; Pcia Santa Fe<br \/>\n<img decoding=\"async\" src=\"https:\/\/www.frateschi.com.br\/web\/wp-content\/uploads\/2023\/10\/telefone.png\" \/> 54 &#8211; 0341 &#8211; 4816528\n<a href=\"https:\/\/www.google.com\/maps\/search\/AVENIDA+ELIZABETH+MARQUES+,+127,+QD+17+LOTE+05+SALA+02\/@-16.6440862,-49.3913288,17z\/data=!3m1!4b1\"><img decoding=\"async\" src=\"https:\/\/www.frateschi.com.br\/web\/wp-content\/uploads\/2023\/10\/mapas-e-bandeiras.png\" \/><\/a> San Martin, 860, 2000 &#8211;\u00a0Rosario\u00a0&#8211; Pcia Santa Fe<br \/>\n<img decoding=\"async\" src=\"https:\/\/www.frateschi.com.br\/web\/wp-content\/uploads\/2023\/10\/telefone.png\" \/> 54-0341-4487026<br \/>\n<a href=\"mailto:comprascasanho@gmail.com\"><img decoding=\"async\" src=\"https:\/\/www.frateschi.com.br\/web\/wp-content\/uploads\/2023\/10\/e-mail.png\" \/><\/a> leonardohobbies@yahoo.com.ar<br \/>\n<img decoding=\"async\" src=\"https:\/\/www.frateschi.com.br\/web\/wp-content\/uploads\/2023\/10\/Site-1.png\" \/>\u00a0<a href=\"http:\/\/www.leonardohobbies.com.ar\/\" target=\"_blank\" rel=\"noopener\">www.leonardohobbies.com.ar<\/a>\n\t\t<h3>LOMAS HOBBY<\/h3><a href=\"https:\/\/www.google.com\/maps\/search\/AVENIDA+ELIZABETH+MARQUES+,+127,+QD+17+LOTE+05+SALA+02\/@-16.6440862,-49.3913288,17z\/data=!3m1!4b1\"><img decoding=\"async\" src=\"https:\/\/www.frateschi.com.br\/web\/wp-content\/uploads\/2023\/10\/mapas-e-bandeiras.png\" \/><\/a> Upsallata, 2031 &#8211; Llomas de San Martin<br \/>\n5008 &#8211;\u00a0Cordoba\u00a0&#8211; Pcia Cordoba<br \/>\n<img decoding=\"async\" src=\"https:\/\/www.frateschi.com.br\/web\/wp-content\/uploads\/2023\/10\/telefone.png\" \/> 54-0351-4809299\n\t\t<h3>MILOU HOBBIES<\/h3><a href=\"https:\/\/www.google.com\/maps\/search\/AVENIDA+ELIZABETH+MARQUES+,+127,+QD+17+LOTE+05+SALA+02\/@-16.6440862,-49.3913288,17z\/data=!3m1!4b1\"><img decoding=\"async\" src=\"https:\/\/www.frateschi.com.br\/web\/wp-content\/uploads\/2023\/10\/mapas-e-bandeiras.png\" \/><\/a> Libertad 948 Locales 6A-7B, 1012 &#8211;\u00a0Buenos Aires<br \/>\n<img decoding=\"async\" src=\"https:\/\/www.frateschi.com.br\/web\/wp-content\/uploads\/2023\/10\/telefone.png\" \/> 54-11-4816-0396<br \/>\n<img decoding=\"async\" src=\"https:\/\/www.frateschi.com.br\/web\/wp-content\/uploads\/2023\/10\/Site-1.png\" \/> <a href=\"http:\/\/www.milouhobbies.com.ar\/\" target=\"_blank\" rel=\"noopener\">www.milouhobbies.com.ar<\/a>\n\t\t\t<a href=\"#ondecomprar\" target=\"_self\" rel=\"noopener\">\n\t\t\t\t\t\t\tvoltar \n\t\t\t<\/a>\n<h2>\n\t\tExterior > Austr\u00e1lia\n\t<\/h2>\n\t\t<h3>ALCO WORLD<\/h3><a href=\"https:\/\/www.google.com\/maps\/search\/AVENIDA+ELIZABETH+MARQUES+,+127,+QD+17+LOTE+05+SALA+02\/@-16.6440862,-49.3913288,17z\/data=!3m1!4b1\"><img decoding=\"async\" src=\"https:\/\/www.frateschi.com.br\/web\/wp-content\/uploads\/2023\/10\/mapas-e-bandeiras.png\" \/><\/a> 1\/16 Ingleburn Rd.<br \/>\n<img decoding=\"async\" src=\"https:\/\/www.frateschi.com.br\/web\/wp-content\/uploads\/2023\/10\/telefone.png\" \/> + 0412 511 794<br \/>\n<img decoding=\"async\" src=\"https:\/\/www.frateschi.com.br\/web\/wp-content\/uploads\/2023\/10\/Site-1.png\" \/> <a href=\"http:\/\/www.alcoworld.com.au\/\" target=\"_blank\" rel=\"noopener\" data-saferedirecturl=\"https:\/\/www.google.com\/url?q=http:\/\/www.alcoworld.com.au&amp;source=gmail&amp;ust=1542987189969000&amp;usg=AFQjCNHnOKUs_0LqOr7WCtXg5NkD9-JlrA\" data-mt-detrack-inspected=\"true\">www.alcoworld.com.au<\/a>\n\t\t<h3>SM RAILWAY HOBBIES<\/h3><img decoding=\"async\" src=\"https:\/\/www.frateschi.com.br\/web\/wp-content\/uploads\/2023\/10\/telefone.png\" \/> +61 416 661 576<br \/>\n<a href=\"mailto:comprascasanho@gmail.com\"><img decoding=\"async\" src=\"https:\/\/www.frateschi.com.br\/web\/wp-content\/uploads\/2023\/10\/e-mail.png\" \/><\/a> smf@smrailwayhobbies.com.au<br \/>\n<img decoding=\"async\" src=\"https:\/\/www.frateschi.com.br\/web\/wp-content\/uploads\/2023\/10\/Site-1.png\" \/> <a href=\"http:\/\/www.smrailwayhobbies.com.au\/\" target=\"_blank\" rel=\"noopener\">www.smrailwayhobbies.com.au<\/a>\n\t\t\t<a href=\"#ondecomprar\" target=\"_self\" rel=\"noopener\">\n\t\t\t\t\t\t\tvoltar \n\t\t\t<\/a>\n<h2>\n\t\tExterior > Chile\n\t<\/h2>\n\t\t<h3>MIRAX HOBBIES<\/h3><a href=\"https:\/\/www.google.com\/maps\/search\/AVENIDA+ELIZABETH+MARQUES+,+127,+QD+17+LOTE+05+SALA+02\/@-16.6440862,-49.3913288,17z\/data=!3m1!4b1\"><img decoding=\"async\" src=\"https:\/\/www.frateschi.com.br\/web\/wp-content\/uploads\/2023\/10\/mapas-e-bandeiras.png\" \/><\/a> Apumanque Mall &#8211; Local 510<br \/>\n<img decoding=\"async\" src=\"https:\/\/www.frateschi.com.br\/web\/wp-content\/uploads\/2023\/10\/telefone.png\" \/> 56 &#8211; 2 2940 5555<br \/>\n<img decoding=\"async\" src=\"https:\/\/www.frateschi.com.br\/web\/wp-content\/uploads\/2023\/10\/Site-1.png\" \/> <a href=\"http:\/\/www.mirax.cl\/\" target=\"_blank\" rel=\"noopener\">www.mirax.cl<\/a>\n\t\t\t<a href=\"#ondecomprar\" target=\"_self\" rel=\"noopener\">\n\t\t\t\t\t\t\tvoltar \n\t\t\t<\/a>\n<h2>\n\t\tExterior > Nova Zel\u00e2ndia\n\t<\/h2>\n\t\t<h3>TEREINA NZ LTD<\/h3><a href=\"https:\/\/www.google.com\/maps\/search\/AVENIDA+ELIZABETH+MARQUES+,+127,+QD+17+LOTE+05+SALA+02\/@-16.6440862,-49.3913288,17z\/data=!3m1!4b1\"><img decoding=\"async\" src=\"https:\/\/www.frateschi.com.br\/web\/wp-content\/uploads\/2023\/10\/mapas-e-bandeiras.png\" \/><\/a> PO BOX 56-037<br \/>\nTawa &#8211; Wellington 5249<br \/>\n<a href=\"mailto:comprascasanho@gmail.com\"><img decoding=\"async\" src=\"https:\/\/www.frateschi.com.br\/web\/wp-content\/uploads\/2023\/10\/e-mail.png\" \/><\/a> tereina.nz@xtra.co.nz\n\t\t\t<a href=\"#ondecomprar\" target=\"_self\" rel=\"noopener\">\n\t\t\t\t\t\t\tvoltar \n\t\t\t<\/a>\n<h2>\n\t\tExterior > Taiwan ROC\n\t<\/h2>\n\t\t<h3>HASKELL CO.<\/h3><a href=\"https:\/\/www.google.com\/maps\/search\/AVENIDA+ELIZABETH+MARQUES+,+127,+QD+17+LOTE+05+SALA+02\/@-16.6440862,-49.3913288,17z\/data=!3m1!4b1\"><img decoding=\"async\" src=\"https:\/\/www.frateschi.com.br\/web\/wp-content\/uploads\/2023\/10\/mapas-e-bandeiras.png\" \/><\/a> 628 DaJung 2nd Road<br \/>\nKaohsiung City<br \/>\n<img decoding=\"async\" src=\"https:\/\/www.frateschi.com.br\/web\/wp-content\/uploads\/2023\/10\/telefone.png\" \/> 07 359 6090 \/ Fax: 07 310 4632<br \/>\n<a href=\"mailto:comprascasanho@gmail.com\"><img decoding=\"async\" src=\"https:\/\/www.frateschi.com.br\/web\/wp-content\/uploads\/2023\/10\/e-mail.png\" \/><\/a> naguoning@hotmail.com<br \/>\n<img decoding=\"async\" src=\"https:\/\/www.frateschi.com.br\/web\/wp-content\/uploads\/2023\/10\/Site-1.png\" \/> <a href=\"http:\/\/www.haskellco.org\/frateschi.htm\" target=\"_blank\" rel=\"noopener\">www.haskellco.org\/frateschi.htm<\/a>\n\t\t\t<a href=\"#ondecomprar\" target=\"_self\" rel=\"noopener\">\n\t\t\t\t\t\t\tvoltar \n\t\t\t<\/a>\n<h2>\n\t\tExterior > Uruguai\n\t<\/h2>\n\t\t<h3>SERGIO OTTONELLO<\/h3><img decoding=\"async\" src=\"https:\/\/www.frateschi.com.br\/web\/wp-content\/uploads\/2023\/10\/telefone.png\" \/> +598 99 797 013 \/ 95 188 548<br \/>\n<a href=\"mailto:comprascasanho@gmail.com\"><img decoding=\"async\" src=\"https:\/\/www.frateschi.com.br\/web\/wp-content\/uploads\/2023\/10\/e-mail.png\" \/><\/a> bruzoto@hotmail.com\n\t\t\t<a href=\"#ondecomprar\" target=\"_self\" rel=\"noopener\">\n\t\t\t\t\t\t\tvoltar \n\t\t\t<\/a>\n<h1>\n\t\t<a href=\"https:\/\/www.frateschi.com.br\/site\/\" title=\"&lt; voltar para p\u00e1gina inicial\" target=\"_self\" rel=\"noopener\">\n\t\t< voltar para p\u00e1gina inicial\n\t\t<\/a>\n\t<\/h1>\n\n","protected":false},"excerpt":{"rendered":"<p>Onde comprar > Exterior Selecione um estado: \u00c1frica do Sul Alemanha Argentina Austr\u00e1lia Brasil Chile Nova Zel\u00e2ndia Taiwan (Roc) Uruguai Exterior > \u00c1frica do Sul DREAM TRAINS 33 Hennie Potgieter Crescent,Heuwelsig Bloemfontein, 9301 &#8211; SOUTH AFRICA (+27) 83-409-7319 \/ Fax: (+27) 86-66-99-408 info@dreamtrains.co.za www.dreamtrains.co.za voltar Exterior > Alemanha RD-HOBBY MODELLBAHNEM J\u00e4gersburger Str. 17 &#8211; \u00a0Gro\u00df-Rohrheim&hellip;<\/p>\n","protected":false},"author":1,"featured_media":0,"parent":0,"menu_order":0,"comment_status":"closed","ping_status":"closed","template":"","meta":{"_joinchat":[],"footnotes":""},"class_list":["post-4057","page","type-page","status-publish","hentry"],"_links":{"self":[{"href":"https:\/\/www.frateschi.com.br\/site\/wp-json\/wp\/v2\/pages\/4057","targetHints":{"allow":["GET"]}}],"collection":[{"href":"https:\/\/www.frateschi.com.br\/site\/wp-json\/wp\/v2\/pages"}],"about":[{"href":"https:\/\/www.frateschi.com.br\/site\/wp-json\/wp\/v2\/types\/page"}],"author":[{"embeddable":true,"href":"https:\/\/www.frateschi.com.br\/site\/wp-json\/wp\/v2\/users\/1"}],"replies":[{"embeddable":true,"href":"https:\/\/www.frateschi.com.br\/site\/wp-json\/wp\/v2\/comments?post=4057"}],"version-history":[{"count":10,"href":"https:\/\/www.frateschi.com.br\/site\/wp-json\/wp\/v2\/pages\/4057\/revisions"}],"predecessor-version":[{"id":14684,"href":"https:\/\/www.frateschi.com.br\/site\/wp-json\/wp\/v2\/pages\/4057\/revisions\/14684"}],"wp:attachment":[{"href":"https:\/\/www.frateschi.com.br\/site\/wp-json\/wp\/v2\/media?parent=4057"}],"curies":[{"name":"wp","href":"https:\/\/api.w.org\/{rel}","templated":true}]}}