{"id":3988,"date":"2016-08-09T17:20:15","date_gmt":"2016-08-09T20:20:15","guid":{"rendered":"http:\/\/www.frateschi.com.br\/web\/vagoes-de-carga-tanques-quimicos\/?lang=es"},"modified":"2026-04-22T17:17:34","modified_gmt":"2026-04-22T20:17:34","slug":"vagoes-de-carga-tanques-quimicos","status":"publish","type":"page","link":"https:\/\/www.frateschi.com.br\/site\/vagoes-de-carga-tanques-quimicos\/?lang=es","title":{"rendered":"Vag\u00f5es de Carga Tanques Qu\u00edmicos"},"content":{"rendered":"\n<h1>\n\t\t\tProdutos > Vag\u00f5es de Carga >\t<\/h1>\n<h1>\n\t\t\tTanques Qu\u00edmicos\t<\/h1>\n\t<h1>Comprar Agora!<\/h1>\n\t\t\t<a href=\"https:\/\/www.frateschi.com.br\/site\/onde-comprar\/\"  target=\"_blank\" rel=\"noopener\"    rel=\"noopener\">\n\t\t\t\t\t\tEncontre um Revendedor\n\t\t\t\t\t<\/a>\n\t\t\t<a href=\"https:\/\/www.lojadafrateschi.com.br\/\"  target=\"_blank\" rel=\"noopener\"    rel=\"noopener\">\n\t\t\t\t\t\tLoja da Frateschi\n\t\t\t\t\t<\/a>\n<h1>\n\t\t<a href=\"https:\/\/www.frateschi.com.br\/site\/todos-produtos\/vagoes-de-carga\/\" title=\"&lt; voltar para Vag\u00f5es de Carga\"  target=\"_self\">\n\t\t\t< voltar para Vag\u00f5es de Carga\t\t<\/a>\n\t<\/h1>\n\n","protected":false},"excerpt":{"rendered":"<p>Produtos > Vag\u00f5es de Carga > Tanques Qu\u00edmicos Comprar Agora! Encontre um Revendedor Loja da Frateschi < voltar para Vag\u00f5es de Carga\n<\/p>\n","protected":false},"author":1,"featured_media":0,"parent":0,"menu_order":0,"comment_status":"closed","ping_status":"closed","template":"","meta":{"_joinchat":[],"footnotes":""},"class_list":["post-3988","page","type-page","status-publish","hentry"],"_links":{"self":[{"href":"https:\/\/www.frateschi.com.br\/site\/wp-json\/wp\/v2\/pages\/3988","targetHints":{"allow":["GET"]}}],"collection":[{"href":"https:\/\/www.frateschi.com.br\/site\/wp-json\/wp\/v2\/pages"}],"about":[{"href":"https:\/\/www.frateschi.com.br\/site\/wp-json\/wp\/v2\/types\/page"}],"author":[{"embeddable":true,"href":"https:\/\/www.frateschi.com.br\/site\/wp-json\/wp\/v2\/users\/1"}],"replies":[{"embeddable":true,"href":"https:\/\/www.frateschi.com.br\/site\/wp-json\/wp\/v2\/comments?post=3988"}],"version-history":[{"count":3,"href":"https:\/\/www.frateschi.com.br\/site\/wp-json\/wp\/v2\/pages\/3988\/revisions"}],"predecessor-version":[{"id":15025,"href":"https:\/\/www.frateschi.com.br\/site\/wp-json\/wp\/v2\/pages\/3988\/revisions\/15025"}],"wp:attachment":[{"href":"https:\/\/www.frateschi.com.br\/site\/wp-json\/wp\/v2\/media?parent=3988"}],"curies":[{"name":"wp","href":"https:\/\/api.w.org\/{rel}","templated":true}]}}