{"id":3933,"date":"2016-07-19T16:12:05","date_gmt":"2016-07-19T19:12:05","guid":{"rendered":"http:\/\/www.frateschi.com.br\/web\/locomotiva-fa-1\/?lang=es"},"modified":"2018-12-03T16:25:48","modified_gmt":"2018-12-03T19:25:48","slug":"locomotiva-fa-1","status":"publish","type":"page","link":"https:\/\/www.frateschi.com.br\/site\/locomotiva-fa-1\/?lang=es","title":{"rendered":"Locomotiva FA-1"},"content":{"rendered":"<h1>\n\t\tProductos > Locomotoras > FA-1<br \/>\n\t<\/h1>\n<p>\t\t\t\t<img decoding=\"async\" src=\"http:\/\/www.frateschi.com.br\/web\/wp-content\/uploads\/2016\/07\/banner-fa1.jpg\" alt=\"banner-fa1\" itemprop=\"image\"  \/><\/p>\n<p style=\"text-align: justify;\" align=\"justify\">La\u00a0<strong>FA-1<\/strong>\u00a0aparece en el cominzo de la d\u00e9cada del 40, cuando American Locomotive Co. (ALCO); decidi\u00f3 producir una locomotora capaz de competir con la versi\u00f3n FT de General Motors. El dise\u00f1o del motor original de 1350 HP fue desactivado en 1944 a causa de la 2\u00aa Guerra Mundial.<\/p>\n<p style=\"text-align: justify;\" align=\"justify\">Desafortunamiente, despu\u00e9s de las primeras pruebas, fueron detectados muchos problemas t\u00e9cnicos en el turbo sobre alimentador y en el cigue\u00f1al del motor, lo que hizo de desarrollar 1500 HP. Los tres primeros prototipos construidos con este nuevo motor, dieron origen a la bien conocida\u00a0<strong>FA-1<\/strong>. el estilista industrial Ray Stevenson, fu\u00e9 quien dise\u00f1o la forma externa original, y las primeras 37 locomotoras fueron vendidas al Gulf Mobile 8 OilCo.\u00a0<strong>La FA-1<\/strong>\u00a0fu\u00e9 modificada de su version original DL-208 a Dl-2\u00aa08\u00aa, Dl208B, y DL208C y posteriormente fu\u00e9 continuado con la versin FA-2.\u00a0<\/p>\n<p style=\"text-align: justify;\" align=\"justify\">Las primeras 12 locomotoras exportados llegaron para la E.F. Central do Brasil, durante los meses de Mayo a Junio de 1948, yfueron usadas para escabezar los trenes de pasajerpos Santa Cruz y Vera Cruz, entre Rio de Janeiro, S\u00e3o Paulo y Belo Horizonte..<\/p>\n<p>\t<a href=\"https:\/\/www.frateschi.com.br\/web\/locomotivas\/?lang=es\" target=\"_self\" role=\"button\"><br \/>\n\t\t\t\tVOLVER<br \/>\n\t\t\t<\/a><\/p>\n","protected":false},"excerpt":{"rendered":"<p>Productos > Locomotoras > FA-1 La\u00a0FA-1\u00a0aparece en el cominzo de la d\u00e9cada del 40, cuando American Locomotive Co. (ALCO); decidi\u00f3 producir una locomotora capaz de competir con la versi\u00f3n FT de General Motors. El dise\u00f1o del motor original de 1350 HP fue desactivado en 1944 a causa de la 2\u00aa Guerra Mundial. Desafortunamiente, despu\u00e9s de&hellip;<\/p>\n","protected":false},"author":1,"featured_media":0,"parent":0,"menu_order":0,"comment_status":"closed","ping_status":"closed","template":"","meta":{"_joinchat":[],"footnotes":""},"class_list":["post-3933","page","type-page","status-publish","hentry"],"_links":{"self":[{"href":"https:\/\/www.frateschi.com.br\/site\/wp-json\/wp\/v2\/pages\/3933","targetHints":{"allow":["GET"]}}],"collection":[{"href":"https:\/\/www.frateschi.com.br\/site\/wp-json\/wp\/v2\/pages"}],"about":[{"href":"https:\/\/www.frateschi.com.br\/site\/wp-json\/wp\/v2\/types\/page"}],"author":[{"embeddable":true,"href":"https:\/\/www.frateschi.com.br\/site\/wp-json\/wp\/v2\/users\/1"}],"replies":[{"embeddable":true,"href":"https:\/\/www.frateschi.com.br\/site\/wp-json\/wp\/v2\/comments?post=3933"}],"version-history":[{"count":4,"href":"https:\/\/www.frateschi.com.br\/site\/wp-json\/wp\/v2\/pages\/3933\/revisions"}],"predecessor-version":[{"id":5119,"href":"https:\/\/www.frateschi.com.br\/site\/wp-json\/wp\/v2\/pages\/3933\/revisions\/5119"}],"wp:attachment":[{"href":"https:\/\/www.frateschi.com.br\/site\/wp-json\/wp\/v2\/media?parent=3933"}],"curies":[{"name":"wp","href":"https:\/\/api.w.org\/{rel}","templated":true}]}}