{"id":2979,"date":"2016-08-13T15:46:55","date_gmt":"2016-08-13T18:46:55","guid":{"rendered":"http:\/\/www.frateschi.com.br\/web\/?page_id=2979"},"modified":"2023-05-22T15:00:58","modified_gmt":"2023-05-22T18:00:58","slug":"onde-comprar-sp-sao-paulo","status":"publish","type":"page","link":"https:\/\/www.frateschi.com.br\/site\/onde-comprar-sp-sao-paulo\/","title":{"rendered":"Onde Comprar SP S\u00e3o Paulo"},"content":{"rendered":"\n<h1>\n\t\tOnde Comprar > Brasil > S\u00e3o Paulo > S\u00e3o Paulo\n\t<\/h1>\n\t\t<h3>GILTEC<\/h3>\t\t\n\t\t\tRua Do Semin\u00e1rio, 199 &#8211; Sala 5<br \/>\n(11) 3311-7634<br \/>\n<a href=\"http:\/\/www.giltecmodelismo.com.br\" target=\"_blank\" rel=\"noopener\">www.giltecmodelismo.com.br<\/a>\n\t\t<h4>HOBBY TRADE CENTER<\/h4>\t\t\n\t\t\t<p>Rua Jaguaribe, 638<br \/> (11) 3064-9110<\/p>\n<p>Shopping Higien\u00f3polis &#8211; Lj. 309<br \/>(11) 3823-2649<\/p>\n\t\t\t\t<img decoding=\"async\" src=\"http:\/\/www.frateschi.com.br\/web\/wp-content\/uploads\/2016\/08\/maismodelismo.jpg\" alt=\"maismodelismo\" itemprop=\"image\" title=\"maismodelismo\" onerror=\"this.style.display='none'\"  \/>\n<h3>MAIS MODELISMO<\/h3>\t\t\n\t\t\t<p>Av. Adolfo Pinheiro, 2056<br \/> (11) 3532-9996 \/ (11)\u00a03586-7334<br \/><a href=\"http:\/\/www.maismodelismo.com.br\" target=\"_blank\" rel=\"noopener\">www.maismodelismo.com.br<\/a><\/p>\n\t\t<h3>POINT MODELISMO<\/h3>\t\t\n\t\t\tRua Donat\u00e1rios, 185 &#8211; Mooca<br \/>\n(11) 2601-7294<br \/>\n<a href=\"https:\/\/www.automodelismo.com.br\/\" target=\"_blank\" rel=\"noopener\" data-saferedirecturl=\"https:\/\/www.google.com\/url?q=http:\/\/www.automodelismo.com.br&amp;source=gmail&amp;ust=1653677180270000&amp;usg=AOvVaw008QmwQvERchdvx9I6Q6D1\">www.automodelismo.com.br<\/a>\n\t\t<h4>RIO GRANDE MODELISMO<\/h4>\t\t\n\t\t\tRua Coronel Xavier de Toledo, 264 &#8211; Rep\u00fablica<br \/>\n(11) 3256-8741<br \/>\n<a href=\"http:\/\/www.riograndemodelismo.com.br\" target=\"_blank\" rel=\"noopener\">www.riograndemodelismo.com.br<\/a>\n\t\t\t<a href=\"http:\/\/www.frateschi.com.br\/web\/onde-comprar-sao-paulo\/\" target=\"_self\" role=\"button\" rel=\"noopener\">\n\t\t\t\t\t\tVOLTAR\n\t\t\t\t\t<\/a>\n\n","protected":false},"excerpt":{"rendered":"<p>Onde Comprar > Brasil > S\u00e3o Paulo > S\u00e3o Paulo GILTEC Rua Do Semin\u00e1rio, 199 &#8211; Sala 5 (11) 3311-7634 www.giltecmodelismo.com.br HOBBY TRADE CENTER Rua Jaguaribe, 638 (11) 3064-9110 Shopping Higien\u00f3polis &#8211; Lj. 309(11) 3823-2649 MAIS MODELISMO Av. Adolfo Pinheiro, 2056 (11) 3532-9996 \/ (11)\u00a03586-7334www.maismodelismo.com.br POINT MODELISMO Rua Donat\u00e1rios, 185 &#8211; Mooca (11) 2601-7294 www.automodelismo.com.br&hellip;<\/p>\n","protected":false},"author":1,"featured_media":0,"parent":0,"menu_order":0,"comment_status":"closed","ping_status":"closed","template":"","meta":{"_joinchat":[],"footnotes":""},"class_list":["post-2979","page","type-page","status-publish","hentry"],"_links":{"self":[{"href":"https:\/\/www.frateschi.com.br\/site\/wp-json\/wp\/v2\/pages\/2979","targetHints":{"allow":["GET"]}}],"collection":[{"href":"https:\/\/www.frateschi.com.br\/site\/wp-json\/wp\/v2\/pages"}],"about":[{"href":"https:\/\/www.frateschi.com.br\/site\/wp-json\/wp\/v2\/types\/page"}],"author":[{"embeddable":true,"href":"https:\/\/www.frateschi.com.br\/site\/wp-json\/wp\/v2\/users\/1"}],"replies":[{"embeddable":true,"href":"https:\/\/www.frateschi.com.br\/site\/wp-json\/wp\/v2\/comments?post=2979"}],"version-history":[{"count":17,"href":"https:\/\/www.frateschi.com.br\/site\/wp-json\/wp\/v2\/pages\/2979\/revisions"}],"predecessor-version":[{"id":5939,"href":"https:\/\/www.frateschi.com.br\/site\/wp-json\/wp\/v2\/pages\/2979\/revisions\/5939"}],"wp:attachment":[{"href":"https:\/\/www.frateschi.com.br\/site\/wp-json\/wp\/v2\/media?parent=2979"}],"curies":[{"name":"wp","href":"https:\/\/api.w.org\/{rel}","templated":true}]}}