{"id":2573,"date":"2016-07-16T15:19:19","date_gmt":"2016-07-16T18:19:19","guid":{"rendered":"http:\/\/www.frateschi.com.br\/web\/?page_id=2573"},"modified":"2023-09-06T15:55:24","modified_gmt":"2023-09-06T18:55:24","slug":"locomotiva-2-c-c-2","status":"publish","type":"page","link":"https:\/\/www.frateschi.com.br\/site\/locomotiva-2-c-c-2\/","title":{"rendered":"Locomotiva &#8211; 2 &#8211; C + C &#8211; 2"},"content":{"rendered":"\n<h1>\n\t\tProdutos > Locomotivas > 2 &#8211; C + C &#8211; 2\n\t<\/h1>\n\t\t\t\t<img loading=\"lazy\" decoding=\"async\" src=\"https:\/\/www.frateschi.com.br\/web\/wp-content\/uploads\/2020\/10\/2010-foto_2cc2.jpg\" alt=\"2010-foto_2cc2\" itemprop=\"image\" height=\"370\" width=\"550\" title=\"2010-foto_2cc2\" onerror=\"this.style.display='none'\"  \/>\n\t<p>Estas locomotivas foram fabricadas nos EUA, no final da d\u00e9cada de 30, pela General Electric. As <strong>EP-4<\/strong>, como eram denomidas, eram um aprimoramento de s\u00e9ries anteriores de locomotivas el\u00e9tricas que foram utilizadas em ferrovias eletrificadas da costa leste dos EUA, especialmente a New Haven e a New York Central.<\/p>\nAs primeiras 6 locomotivas da s\u00e9rie <strong>EP-4<\/strong> foram entregues \u00e0 New Haven, em 1938, e tinham 3600 HP de pot\u00eancia, pesando 216 toneladas.<br \/>\nAs primeiras 4 que vieram para o Brasil foram entregues \u00e0 Companhia Paulista, em fevereiro de 1940.\n<p>Tinham 3800 HP de pot\u00eancia e um peso de 165 toneladas, menor do que as de New Haven, por motivos de altera\u00e7\u00f5es construtivas. No total, a Companhia Paulista recebeu 22 locomotivas, sendo a \u00faltima entregue em abril de 1948. Na C.P. elas foram apelidadas de <strong>&#8220;V-8&#8221;<\/strong>.<\/p>\n<p>A estrada de Ferro Central do Brasil recebeu 15 locomotivas em 1948, que foram passadas \u00e0 RFFSA em 1957. Seu nome na Central era &#8220;Escandalosa&#8221;, devido ao seu tamanho avantajado e ao ru\u00eddo excessivo que faziam durante o funcionamento. No ano de 1982, 10 locomotivas existentes, foram transferidas para a Fepasa.<\/p>\n<p>Todas elas foram desativadas no final da d\u00e9cada de 90 com o processo de privatiza\u00e7\u00e3o da Fepasa, pela Ferroban.<\/p>\n\t\t\t<a href=\"https:\/\/www.frateschi.com.br\/web\/locomotivas\/\" target=\"_self\" rel=\"noopener\">\n\t\t\t\t\t\tVOLTAR\n\t\t\t\t\t<\/a>\n\t\t<h3>Pe\u00e7a sua Locomotiva 2 &#8211; C + C -2  agora na loja da Frateschi<\/h3>\n\t\t\t<a href=\"http:\/\/www.lojadafrateschi.com.br\/locomotivas-diesel-eletricas\" target=\"_blank\" rel=\"noopener\">\n\t\t\t\t\t\tComprar\n\t\t\t\t\t<\/a>\n\n","protected":false},"excerpt":{"rendered":"<p>Produtos > Locomotivas > 2 &#8211; C + C &#8211; 2 Estas locomotivas foram fabricadas nos EUA, no final da d\u00e9cada de 30, pela General Electric. As EP-4, como eram denomidas, eram um aprimoramento de s\u00e9ries anteriores de locomotivas el\u00e9tricas que foram utilizadas em ferrovias eletrificadas da costa leste dos EUA, especialmente a New Haven&hellip;<\/p>\n","protected":false},"author":1,"featured_media":0,"parent":0,"menu_order":0,"comment_status":"closed","ping_status":"closed","template":"","meta":{"_joinchat":[],"footnotes":""},"class_list":["post-2573","page","type-page","status-publish","hentry"],"_links":{"self":[{"href":"https:\/\/www.frateschi.com.br\/site\/wp-json\/wp\/v2\/pages\/2573","targetHints":{"allow":["GET"]}}],"collection":[{"href":"https:\/\/www.frateschi.com.br\/site\/wp-json\/wp\/v2\/pages"}],"about":[{"href":"https:\/\/www.frateschi.com.br\/site\/wp-json\/wp\/v2\/types\/page"}],"author":[{"embeddable":true,"href":"https:\/\/www.frateschi.com.br\/site\/wp-json\/wp\/v2\/users\/1"}],"replies":[{"embeddable":true,"href":"https:\/\/www.frateschi.com.br\/site\/wp-json\/wp\/v2\/comments?post=2573"}],"version-history":[{"count":11,"href":"https:\/\/www.frateschi.com.br\/site\/wp-json\/wp\/v2\/pages\/2573\/revisions"}],"predecessor-version":[{"id":6355,"href":"https:\/\/www.frateschi.com.br\/site\/wp-json\/wp\/v2\/pages\/2573\/revisions\/6355"}],"wp:attachment":[{"href":"https:\/\/www.frateschi.com.br\/site\/wp-json\/wp\/v2\/media?parent=2573"}],"curies":[{"name":"wp","href":"https:\/\/api.w.org\/{rel}","templated":true}]}}